e of -g**3/6 - 3*g**2 - g. Let k be 10*((-2)/(-4))/1. Suppose -k*s - 15 + 0 = 0. Give u(s).
-3
Let p(y) be the second derivative of y**4/12 + y**3/6 + 7*y**2/2 + 14*y. Determine p(0).
7
Let n(d) be the first derivative of -d**7/840 - d**5/60 - d**4/24 - 5*d**3/3 - 4. Let m(f) be the third derivative of n(f). What is m(-1)?
2
Suppose 0 = -2*s - 0*s + 6. Let o(a) = -a + 1. Give o(s).
-2
Suppose 17 = 5*t - 2*r, 0 = 3*t - 4*r + 1 - 0. Suppose -3*a + 1 + 5 = 0. Let b(p) = -p**2 + a + 5 - 2 + 1 + 3*p. Calculate b(t).
-4
Let f = -26 - -31. Let l(o) = o - 9. Determine l(f).
-4
Let g(u) = 4*u + 1. Let x = -110 - -109. Calculate g(x).
-3
Let t(l) = 7*l**2 + 4*l - 4. Let d(q) = -8*q**2 - 5*q + 4. Let n(s) = -6*d(s) - 7*t(s). Let k = 0 + 3. Calculate n(k).
1
Suppose 0 = -4*y - y + 10. Suppose -b + 6 = y*b. Let m(p) = -p**2 + 0*p**b - 1 + 0*p**2 + 0*p**2. What is m(0)?
-1
Let c(a) = -a**2 + a + 2. Let t = -8 - -13. Suppose v = -4*y - 3, -t*v - y - 4*y = 15. What is c(v)?
-10
Suppose -2*i = -4 - 6. Let g(c) = 3*c + 0*c**3 - 4*c + 6*c**3 - 3 + 9*c**2. Let u(p) = -5*p**3 - 8*p**2 + p + 2. Let w(z) = i*u(z) + 4*g(z). Give w(-4).
-6
Let i(b) be the second derivative of b**4/12 - b**3/6 - 15*b**2/2 - 54*b. What is i(0)?
-15
Let p(h) be the second derivative of 5*h**3/6 - h**2/2 - 2*h. Let q be -3*3*(-16)/36. Suppose -n = -3*l - q, 5*n + 2*l - 3 + 0 = 0. What is p(n)?
4
Suppose 3*f + 7 = -17. Let y(o) = -o - 15. Determine y(f).
-7
Let x(c) = c**2 + 5*c - 5. Suppose -5*n + 32 = -2*b, 3*n - 2 = 10. Give x(b).
1
Suppose 0 = 3*o - 2 - 1. Let x(f) = f**2 - 3*f - 5. Let a(l) = -l - 1. Let n(y) = o*x(y) - 3*a(y). Let q(m) = m + 2. Let z be q(0). Calculate n(z).
2
Let d(f) = -f**3 - 3*f**2 + 3*f + 6. Let w be (-15)/12*(-1 - -29). Let k be w/14 - (-2)/4. Let u be -4 - (-2 - k)/1. Calculate d(u).
10
Let m(f) = 2*f - 2. Suppose -2*p = -4*t - 0*p + 22, -5*t = 3*p - 11. Calculate m(t).
6
Let p(a) = -a + 23. Let t be p(20). Let x(q) = -3*q**2 + 3*q + 2. Determine x(t).
-16
Let j(q) = -q + 4. Let g = 37 - 41. Calculate j(g).
8
Let g be -2 + 1 + 0 + 1. Suppose -2*p + g = -2. Let n be (p + -5)*(-5)/4. Let b(l) = -l**2 + 6*l - 5. Determine b(n).
0
Let c = 56 - 54. Let m(v) be the second derivative of c*v**2 + 0 + v - 1/6*v**3. Give m(0).
4
Let z(f) = -f + 17. Let g be z(10). Let i(t) = t**3 + 8*t + 6 + t**3 + t**2 - t**3 + g*t**2. Determine i(-7).
-1
Let a be (-15)/(-5) + (-2 - 0). Let j be 2/4*6/a. Suppose 3*q = -5*x + 20, 2*x - 18 = -j*q - x. Let d(m) = m**2 - 6*m - 2. What is d(q)?
-7
Let x = 2 - -4. Let q(z) = 0*z - x + z + 0*z. Suppose 4*v = -0*v. Give q(v).
-6
Let f be 14*(7/(-2))/(-7). Let g(x) = 8 - x**2 + 4*x**3 + 5*x - 5*x**3 - 3*x**2 - f. Give g(-5).
1
Let q(z) = -z**3 + 6*z**2 - z + 9. Let u be q(6). Let a be (4/6)/((-4)/(-12)). Let j(s) = 2 + 0*s - a*s + s. Determine j(u).
-1
Let g be (0 + -1)*(-9)/3. Let n(j) = 4*j + 0*j**3 + g + 0*j**3 + 4*j**2 + j**3. What is n(-3)?
0
Let q be 0/(((-1)/3)/((-2)/6)). Let z(o) be the third derivative of q*o - o**2 + o**3 + 1/8*o**4 + 0. Give z(-5).
-9
Suppose 5*d - 7 = 3. Let r(o) = 4 - 5 - 1 - o**d + 2*o. Let b = 2 - 0. Calculate r(b).
-2
Suppose m - 4 = 5*m. Let p(k) = 2*k - 1. Calculate p(m).
-3
Suppose 4 + 6 = 5*k. Let h(z) = z**2 - 3*z + 1. Give h(k).
-1
Let r be (0 - -21)/(-1) + 0. Let a be (-34)/6 - 14/r. Let j(k) = 3*k - 12. Let n(v) = 2*v - 8. Let t(u) = a*j(u) + 7*n(u). Give t(4).
0
Suppose -2*c + c - 1 = 0, -5*c = -5*t + 40. Let n = t - 2. Let u(b) = b**3 - 4*b**2 - 4*b - 2. What is u(n)?
3
Let p be 1*32/(-4) - -2. Let l(f) = f**2 + 4*f - 4. Give l(p).
8
Let c(j) = 5*j**2 + 7*j - 2. Let z(h) = 3*h**2 + 4*h - 1. Let y(p) = -4*c(p) + 7*z(p). Give y(0).
1
Let f(j) = j**3 - 3*j**2 - 2*j - 1. Let r(y) = 3*y - 2. Let m be r(6). Suppose 4*z - m = 8. Suppose 0 = 2*w - z - 0. What is f(w)?
-7
Let h(d) = 4*d**2. Let r be h(-1). Let k(z) = z + 3. Let g be k(0). Let i(a) = -4 - 2*a - 2 - 1 + g*a. Give i(r).
-3
Suppose -5 = -5*s + 10. Let r(y) be the second derivative of y**5/20 - y**4/6 - 5*y**3/6 + 3*y**2/2 - y. What is r(s)?
-3
Let d(p) = p**3 + 5*p**2 + 5*p - 3. Suppose 9 = -2*z + 1. Calculate d(z).
-7
Let l(y) = -y - 1. Suppose -u + 14 = u. Let i(p) = p**3 - 7*p**2 + 2. Let m be i(u). What is l(m)?
-3
Let t(u) = -u**3 - 7*u**2 - 7*u. Let x(f) = -f - 4. Let s be x(2). Give t(s).
6
Let s(v) = 3 + 1 - 6*v - 3. Let t(x) = -x + 1. Let u be (1 - 0) + (-2 - -1). Let w be t(u). What is s(w)?
-5
Let f be (-1)/((-7)/3 + 2). Let w(j) = -f - j + 2*j - 2 + 1. Let q(m) = m**3 - 6*m**2 - m + 3. Let d be q(6). Determine w(d).
-7
Let s(z) = z**2 + 6*z - 6. Let r be s(-7). Let q(h) = 5*h + 1. What is q(r)?
6
Let l be (-4)/14 - 64/(-28). Let c(h) = -15*h + 12*h + 0*h**l + h**2 + 3. Let b be (2*1)/(0 + 1). Determine c(b).
1
Let t(u) = -u**3 + 3*u**2 - 3*u + 2. Let o = 1 - 4. Let g be 16/12*o/(-2). Determine t(g).
0
Let w(l) be the second derivative of -2*l + 0 + 0*l**3 - 13/24*l**4 - 1/2*l**2. Let s(i) be the first derivative of w(i). Calculate s(1).
-13
Let o(i) = -i**3 - 5*i**2 + i - 5. Let a = 4 - 0. Let q = a + -7. Let r = -2 + q. Determine o(r).
-10
Suppose 0 = 12*v - 17*v + 20. Let p(j) = -j**2 + 8*j - 4. Give p(v).
12
Let q(n) = -n + 3. Let l(r) = 2 + 3*r + 2*r - 3*r. Let v be l(3). Suppose -3*p + v = -4. Give q(p).
-1
Let i = -9 - -15. Let m(z) = -z**2 + 5*z. Calculate m(i).
-6
Let q = 0 + 1. Let b(i) be the third derivative of -1/6*i**3 + 0 + 0*i + 1/4*i**4 + i**2. Calculate b(q).
5
Let j = 1 - 3. Let s(i) be the third derivative of -i**6/360 - i**5/60 + i**4/24 + i**3/3 - i**2. Let u(w) be the first derivative of s(w). Calculate u(j).
1
Let q(j) be the first derivative of -j**3/3 - 5*j**2/2 - 6*j + 1. Let f(v) = 2*v + 2. Let h be f(-3). Calculate q(h).
-2
Let s(u) = -5*u**2 - 4*u + 1. Let l(p) = p**2. Let v(q) = 3*l(q) + s(q). Suppose 6*i - 2*i + 96 = 0. Let k be (i/16)/((-1)/(-2)). Calculate v(k).
-5
Let r(s) be the second derivative of s**4/12 + 2*s**3/3 + s**2/2 - s. Let w(b) = -b**2 - 14*b - 18. Let n be w(-12). Let o be 5/2*(n + -8). What is r(o)?
6
Let c(f) = -2*f - f - 4*f + 2*f**2 + 6*f. Suppose w = 4*p - 2*w - 16, 2*p - 6 = w. Determine c(p).
1
Let a(p) = p**3 + 3*p + p**2 + 0*p - 4*p - 1. Let k(c) = -4*c**3 - 7*c**2 + 5*c + 4. Let m(l) = 3*a(l) + k(l). Calculate m(-4).
-7
Let i(g) be the second derivative of -1/12*g**4 + g**3 + 0 - 2*g - 3*g**2. Give i(5).
-1
Let h(z) = -z**3 + 9*z**2 + z - 11. Let w be 4/6*27/2. What is h(w)?
-2
Let w(n) = 2*n**2 - 7*n. Let h(m) = -3*m**2 + 8*m. Let f(l) = 3*h(l) + 4*w(l). Determine f(-2).
4
Let x(d) = -2*d**3 - 4*d**2 - 3*d - 2. Let g be x(-2). Suppose 15 + 5 = g*f. Let w(h) = -1 - 4*h**2 + f + 0 + h + h**3. Give w(3).
-2
Let h(z) = z**2 + 3*z + 4. Let p be (2/(-4))/(10/200). Suppose 3*f + 4*s - 41 = 0, 3 + 12 = 3*s. Let x = f + p. Calculate h(x).
4
Let o(c) = -5*c - 4*c + 2*c + 1. Suppose 3*d + 5*l = -40, -4*l - 16 = d - l. Let s be 4/20 - 8/d. Give o(s).
-6
Let k(j) = j**2 + 4*j - 7. Let g be 40/6*(-6)/4. Let i(x) = 7*x + 1. Let m be i(-1). Let u be (g/6)/((-2)/m). Calculate k(u).
-2
Let d(a) = 6 - 1454*a + 3 + 1455*a. Calculate d(-5).
4
Let z(i) = 1. Let g(h) = 11*h + 6. Let d(s) = g(s) - 3*z(s). Calculate d(-2).
-19
Let g = 0 + -3. Let y be (0 - 1)/(g/15). Let h(q) = 2*q - 6 + q - y*q. Determine h(-5).
4
Let g(a) = -a**2 + 3*a. Suppose -4*o = 5*s - 28, -4*s + 18 = -o + 2*o. Give g(s).
-4
Suppose -4 = -4*b + 2*b. Let n(z) = -2*z**b + 11 + z**3 - 11. What is n(1)?
-1
Let c(j) = j**2 - 5*j + 2. Let t be c(6). Let l = 8 - t. Let n(z) = -z**3 - z + 5. What is n(l)?
5
Let q(h) be the first derivative of -1/3*h**3 + h + 0*h**2 - 4. Give q(-1).
0
Let p(r) be the first derivative of r**5/20 + r**4/12 - 3*r**2/2 - 7*r - 4. Let d(o) be the first derivative of p(o). Calculate d(0).
-3
Suppose 3*g - 9 = -3. Let i be (-1 + -1)*(g + -3). Let u(c) = -c**2 + 2*c**2 - i*c**2. Calculate u(1).
-1
Let j(u) be the first derivative of -u**2/2 - 9. What is j(4)?
-4
Suppose 3*n + 3*b = 15, 0*b = 5*b - 10. Suppose n*k = 7*k. Suppose -3*i = -q - 0*q + 7, -2*q - 3*i + 5 = k. Let s(f) = f**2 - 4*f - 2. Determine s(q).
-2
Let h(j) = -4*j + 1. Let l = 14 - 15. Determine h(l).
5
Let f(k) = -2*k. Suppose 11 = 2*s + 3. Let m = 3 - s. Let j = 0 + m. Give f(j).
2
Let y(q) be the first derivative of -3*q - q**2 + 0*q**3 - 